j?
4
Let b(i) = -i**3 + 5*i**2 - 8*i + 4. Let n be b(4). What is the hundreds digit of -8*(-4)/n*-51?
1
Let n(k) be the second derivative of k**4/4 + 13*k**3/3 + 5*k**2/2 - 2*k - 35. What is the units digit of n(-12)?
5
Let b(n) = 4*n**2 - 4*n - 5. Let j(d) be the third derivative of -d**4/24 + 2*d**3/3 + 16*d**2. Let i be j(0). What is the tens digit of b(i)?
4
Suppose -5*j - 18 = 182. Let c be ((-4)/(-5))/((-8)/j). Suppose -5*n = b - 169 - 375, -c*b = -16. What is the tens digit of n?
0
Let o = 272 + -269. Suppose 0 = o*c - 12 + 3, -4*w + 2405 = 3*c. What is the hundreds digit of w?
5
Let u(y) = 8*y**2 - 123*y - 44. Let p(j) = 3*j**2 - 41*j - 15. Let m(o) = 7*p(o) - 2*u(o). What is the tens digit of m(15)?
9
Let r(h) = -h**3 + 6*h**2 - h + 4. Let j be r(3). Let k be (j/(-6))/(1/(255/10)). Let z = k + 170. What is the tens digit of z?
5
Let a(r) = -r + 8. Let i be 10/(-4)*(54/15 + -6). Let l be a(i). Suppose -g = -3*g - 4, 0 = 2*h + l*g - 76. What is the tens digit of h?
4
What is the thousands digit of ((-670)/(-5) - 20)*(-191)/(-3)?
7
Let w(l) = 16*l + 21. Let b be w(-8). Let x = 2 + b. What is the hundreds digit of 3*(-2 - -3) - x?
1
Let x be (68*(-2535)/30)/(-1*1). Suppose 4*w = 3*k + 3727, 5*w - 3*k - x = -1091. What is the tens digit of w?
2
Let d(p) = -p**3 + 7*p**2 - 3*p + 6. Suppose 0 = 5*u - 7 - 8. Let j be d(u). Let x = j + 6. What is the tens digit of x?
3
Let u(c) = -c**3 + 4*c**2 + 70*c - 50. What is the hundreds digit of u(-22)?
9
Let t(y) = 337*y + 5658. What is the thousands digit of t(62)?
6
Suppose 33*t - 37*t = -92. What is the tens digit of (-2 - -29)/((46/12)/t)?
6
What is the thousands digit of ((-476)/(-1) - 6)*(844/10 + -2)?
8
Let c(b) = 48*b**3 - b**2 - b - 2. Let i be c(2). Let x be 3 + -3 + 0 - -241. Let d = i - x. What is the tens digit of d?
3
What is the hundreds digit of ((-396)/(-20))/(-9)*-21740?
8
Suppose -16*y + 19*y - 142 = -z, -3*z + 396 = -y. Suppose -45 - 33 = -2*t. Let l = z + t. What is the tens digit of l?
7
Let t = -8310 - -10401. What is the units digit of t?
1
Let c(l) = -11*l**2 - 2*l**3 - 4079 + 8*l + 6*l + 4070. What is the hundreds digit of c(-8)?
1
Let o(i) = -818*i + 1087. What is the ten thousands digit of o(-15)?
1
Suppose 168 = 3*n - 9*n. Let w be (0 - 497/n) + 1/4. Let x = w - -52. What is the tens digit of x?
7
Let k(q) = q**3 + 8*q**2 + 7*q + 2. Let b(u) = 17 + 6*u**2 + 5*u - u**3 - 23 + 2*u**3. Let z be b(-5). What is the units digit of k(z)?
2
Let t be (8 - -2) + (-2)/2. Let o = t - -445. What is the hundreds digit of o?
4
Let g(c) = -2*c**3 + c**2 + c - 2. Let h be g(1). What is the units digit of 359 + -1 - -2*h/4?
7
Let x(t) = -9*t - 9*t + 2*t + 0*t + 73. Let h be x(26). Let g = h - -513. What is the units digit of g?
0
Let v = -86375 + 151798. What is the hundreds digit of v?
4
Let k(q) be the second derivative of 5*q**4/24 - 13*q**3/3 - 25*q**2/2 - 29*q. Let p(f) be the first derivative of k(f). What is the tens digit of p(18)?
6
Suppose -2*d + 4*p + 11 = -3*d, 2*p = 0. What is the hundreds digit of d/(-132)*1986 - 6/(-4)?
1
Suppose -3*x + 4*x - 14 = 0. Suppose 5*r - x = 41. Suppose -i + q + r = -121, -5*q + 120 = i. What is the tens digit of i?
3
Suppose 29*j = 30*j - 7. What is the tens digit of 11*-2*(-10 + j)?
6
Let i = -21599 - -35894. What is the thousands digit of i?
4
Let o(w) = -39*w**3 + w**2. Let u be o(-1). Suppose -u*h + 37*h = -33. Suppose 3*d - 4 - h = 0. What is the units digit of d?
5
Let r(w) = -w**2 - 6*w. Let d be r(-3). Suppose -15 = -8*i + d. Suppose -2*g - i*s + 33 = -25, -2*s - 61 = -3*g. What is the units digit of g?
3
Let i = 123 - 112. Suppose i*w + 11190 = 21*w. What is the units digit of w?
9
Let i = -240 - -242. What is the tens digit of 2 - (6 + (-1168)/i)?
8
Suppose -151*r + 34*r + 791505 = 0. What is the tens digit of r?
6
Suppose 28 = 27*u - 26. Suppose 0 = -2*j + 3*i + 1047, -u*i = j - 7*i - 513. What is the tens digit of j?
2
Suppose -10*s = 6*s. Suppose -k + 3 + 42 = -4*w, s = -3*k - 4*w + 151. What is the tens digit of k?
4
Suppose -2*r + 12888 = 4*q, -104*r + 106*r - 2*q = 12846. What is the thousands digit of r?
6
Suppose v - 22080 = 5*r, -v + 60*r + 22024 = 63*r. What is the units digit of v?
5
Suppose -5*m + 9354 = 3*c, 2925 = 2*m + 2*c - 819. What is the tens digit of m?
6
Let z(b) = 5*b**3 - 585*b**2 + 47*b - 175. What is the units digit of z(118)?
1
Let r = 22 - -42. Let h = 64 - r. Suppose -5*s + h*t = -4*t - 387, 5*s + 2*t = 399. What is the tens digit of s?
7
Let a(i) = -380*i - 788. What is the hundreds digit of a(-43)?
5
Let c = 8992 + 22206. What is the tens digit of c?
9
Suppose -5*x = -28*u + 7*u + 1225880, -3*x + 233497 = 4*u. What is the units digit of u?
5
Suppose 0 = -l + 4*r + 34, 5*l - 4*r + 12 = 150. Suppose -2*q - 5*p - l = q, 0 = -4*q - 3*p - 42. Let x = q - -60. What is the tens digit of x?
4
Let r(l) = 5814*l**2 + 80*l + 155. What is the tens digit of r(-2)?
5
Suppose 5*i = 4*r - 5 - 21, -2*r = 4*i. What is the tens digit of (-10)/50 + (-2555)/(-25) + i?
0
Let j = -63 - -77. Suppose j*n - 77 = 7*n. What is the units digit of 2/n - 5145/(-77)?
7
Let q(t) = 14*t - 180. Let c be q(14). Let v(o) = -o**3 + 19*o**2 + 5*o + 2. What is the hundreds digit of v(c)?
8
Let j(x) = 11*x**2 + 5*x + 11. Let u be j(-4). Suppose d - 30 = 5*g, -3*d + 5*g + u = 37. What is the tens digit of d?
5
Suppose 2*a - 49740 = -5*n, 172*n - 2*a - 39774 = 168*n. What is the tens digit of n?
4
Suppose 4*f - 201261 = -3*m, 2*m = -34*f + 30*f + 201266. What is the tens digit of f?
1
What is the ten thousands digit of (-8)/(-20)*(-12 + 7 + 25785)?
1
Suppose 0 = 30*f - 25*f - 45. Suppose 0 = -f*b + 7*b - 2. What is the tens digit of -4*b/8*186?
9
Let a = -7714 + 18202. What is the hundreds digit of a?
4
Let a be 2 - ((1 - 6) + 4). Suppose -6*s = -3*f - a*s + 2286, 0 = 4*s + 12. What is the tens digit of f?
5
Let t(q) = 2*q - 18. Let u(x) = -2*x + 18. Let z(g) = -6*t(g) - 5*u(g). Suppose 3*j - j + 24 = -3*h, -h - 3*j = 8. What is the tens digit of z(h)?
3
Let p(y) = 4 - 27*y + 25*y - 12*y. Let c be p(21). Let a = c + 480. What is the tens digit of a?
9
Let v(l) = -119*l - 34. Let o be v(-4). Let s be 1/(-2) - (-3)/6. Suppose s = 4*x + 4*t - 332, 3*t + o = 5*x - t. What is the tens digit of x?
8
What is the units digit of (117/(-4))/(12/26 - (-69010)/(-149240))?
9
Let b = -21434 + 31479. What is the ten thousands digit of b?
1
Let p(f) = -f**3 - 8*f**2 + 10*f + 12. Let z be p(-9). Let x = z + -13. Let v = 29 + x. What is the units digit of v?
9
Let u(a) = -408*a + 1309. What is the tens digit of u(-11)?
9
Suppose 84*i - 22*i = -744. Let r(u) = 6*u**2. Let x be r(-4). Let b = i + x. What is the tens digit of b?
8
Let f(m) = -409*m + 2332. What is the hundreds digit of f(4)?
6
What is the tens digit of -3 + -21 + 55465 - 14?
2
Let h = -443 + 445. Suppose 0 = -4*w - 2*n + 2728, 4*n + 2024 = -h*w + 5*w. What is the tens digit of w?
8
Let v = 83 + -81. Suppose 0 = -2*b + j + j - 90, 3*j = v*b + 95. What is the tens digit of (-1)/(-8) - 1475/b?
3
Let r = -147 - -144. What is the tens digit of 3*(-3 + r)*(0 + -21)?
7
Let a(b) = b - 34. Let z be a(34). Suppose 4*k - 12 = z, 2*k = 3*g - 186 + 27. What is the tens digit of g?
5
Let l = -3118 + 1363. Let y = 2741 + l. What is the hundreds digit of y?
9
Let q(r) = -2*r**2 - 14*r + 16. Let g be q(-8). Suppose g*y = -18*y + 10260. What is the tens digit of y?
7
Let c = 22026 - 13052. What is the hundreds digit of c?
9
Let j = 51457 - 2506. What is the ten thousands digit of j?
4
Let b(j) = j**3 + j**2 + 2. Let m(i) = -2*i**3 + 2*i**2 + 17*i - 46. Let y(q) = 3*b(q) + m(q). What is the tens digit of y(9)?
4
Let k(h) = -94*h - 6. Suppose -43*d = -42*d + 3. What is the tens digit of k(d)?
7
Suppose -10*w + 4*w + 1346941 = 55*w. What is the units digit of w?
1
Let a be (10/15 - 1)/(1/(-78)). Let o = 31 - a. Suppose 4*r = -r + o, 315 = 3*v - 3*r. What is the hundreds digit of v?
1
Let a = 424 + -422. What is the tens digit of (-62934)/(-153)*(3/a)/1?
1
Suppose -5*c - 3*z = -0*c - 39, -4*z = -12. What is the units digit of c*(-1660)/(-15) - -2?
6
Suppose 3*k - 18 = 0, g - 9015 = 3*k + 746. What is the tens digit of g?
7
Suppose -5*j - 1734 = -3*g + 2*g, 4*g = -j + 7041. Let b = -952 + g. What is the tens digit of b?
0
